t r(v) = -v + 217. Let d be r(-6). Let n = 231 - d. Give y(n).
16
Let r(o) = -o**3 + 9*o**2 + 22*o. Let l be r(11). Suppose -2*d + 5*d + 18 = l. Let j(s) = 5*s - 3*s + s**3 + 6*s**2 - 3*s. What is j(d)?
6
Let a(n) be the first derivative of n**4/4 + 2*n**3/3 - n**2 - 7*n - 1. Let t be -9*(-27 + (-3854)/(-141)). Give a(t).
-10
Let y(s) = -910*s + 8194. Let l be y(9). Let w(d) = 3*d + 0*d + 0*d - 7. What is w(l)?
5
Let g(d) = -d**3 + d**2 - 2. Let a(c) = 6*c**2 + 11*c + 11. Let k be a(-2). Suppose -3*l + 9 = -q, 10*l + 9 = k*l. What is g(q)?
-2
Let s be -7 + 4 + -2*7. Let z(i) be the second derivative of i**4/12 + 3*i**3 + 6*i**2 - 2043*i. What is z(s)?
-5
Let j be 0 - 1299/45 - 2/15. Let d be j/((-4)/8*2). Suppose -4*o + 2*o + 12 = 2*p, 0 = -4*o - 5*p + d. Let k(h) = -h**2 + h. Give k(o).
0
Let u(b) = 6*b + 3. Let f(z) = -z**3 - 12*z**2 + 16*z + 43. Let j be f(-13). Suppose 5*o - 2*o + 20 = -j*v, -3*v - 6 = 0. Determine u(o).
-21
Let l(c) = -c**2 + 4*c + 1. Let s be l(4). Let g(t) = -39*t - 7 + 38*t + 0 + s. What is g(7)?
-13
Let j(z) = z**3 + 4*z**2 - 8*z + 24. Let d = -1337 - -1331. Give j(d).
0
Let k(z) be the second derivative of 5*z**3/3 + 75*z**2/2 - 13*z + 18. Calculate k(-8).
-5
Let h(i) = -6*i + 6*i - 10*i**3 + i**3. Suppose 19 = o - 4*q, -6*o + 59 = -3*q + 50. Give h(o).
9
Let o be (52/20 + -3)*-5. Suppose -68 = 5*l - o*d, 5*l + 31 = d - 38. Let h be (54/(-21))/(-6) - (-62)/l. Let w(f) = 5*f + 6. Give w(h).
-14
Let t(c) = c**3 + 14*c**2 - 15*c - 22. Let y(l) = -l**3 - 13*l**2 - 19*l + 18. Let n be y(-11). Determine t(n).
-22
Let f(n) = -5. Let x(z) = z + 5. Let b(o) = 2*f(o) + 3*x(o). Let a = -99 - -82. Let j = -21 - a. What is b(j)?
-7
Let i(t) = -7*t**2 - t + 1. Let o be (-8 + (-8)/(-2))*3/(-2). Suppose -5*p - 10 = -c + 14, o = 4*c - 2*p. Let m be (-8)/4 - (c - 2). Determine i(m).
-7
Let q(f) = f**2 + 5*f + 2. Let k(n) = -n**3 + n**2 - 3*n + 1. Let v be k(6). Let l = -203 - v. Determine q(l).
8
Let z(q) = -5*q**2 + 3*q - 2. Suppose -4 = 84*b - 88. Calculate z(b).
-4
Let d be (3 - 12/5)*-5. Let f be (-14)/(-21)*d/1. Let m(y) = 9 + 4*y + 0*y + 2 - 11 + 1. Determine m(f).
-7
Let v(f) = 16*f**2 - 11*f - 154. Let o(p) = 3*p**2 - 2*p - 31. Let y(m) = 11*o(m) - 2*v(m). Suppose 2*r - 3*a - 35 + 11 = 0, 0 = -a + 2*a + 8. Determine y(r).
-33
Let w(q) = 7*q**2 + 43*q - 310. Let c(r) = -6*r**2 - 45*r + 293. Let j(k) = -5*c(k) - 4*w(k). What is j(-30)?
-15
Let c be (18/10 - 3)/(42/(-350)). Let y(h) = h**2 - 5*h + 5. Give y(c).
55
Let j(w) = -5*w. Let t be 0*(6/9)/2. Suppose o + t*o = -3*p - 10, 4*p + 25 = o. Let l be 3/(-18) - o/6. What is j(l)?
5
Let b(z) = -z**2 - 5*z - 1. Let s = -30 - -55. Suppose o + 5*g = -2 - 3, -g + s = -5*o. Let k(i) = i**3 + 7*i**2 + 9*i - 9. Let t be k(o). Calculate b(t).
3
Let r(j) = -j - 4. Let z be r(-6). Let t(n) = 48*n**2 - n - 1 + 60*n**2 - 101*n**2. Give t(z).
25
Let v = 545 - 534. Let g(t) = v*t - 232 - t**2 + 447 + 2*t**2 - 223. What is g(-10)?
-18
Let i(q) be the second derivative of -q**5/60 + q**4/12 + 53*q**2 + 217*q. Let o(l) be the first derivative of i(l). Suppose u + 12 = -3*u. Give o(u).
-15
Let u(q) be the third derivative of -7/24*q**4 + 5*q**2 + 17*q - 1/6*q**3 - 1/60*q**5 + 0. What is u(-3)?
11
Suppose 36*i + 330 = 15*i - 34*i. Let g(t) = t**2 + t - 10. Let o(z) = z**2 - 11. Let c(w) = 3*g(w) - 2*o(w). Give c(i).
10
Let j(o) = -o - 1. Let a(n) = n**2 + 20*n + 25. Let i be a(-19). Suppose -4*l = -i*l + 14. Suppose -c - l = 3*m, 0 = 5*c + m + 8 + 27. Determine j(c).
6
Let f(i) = i**3 - 10*i**2 - 2*i - 8. Suppose 35*l - 32*l = -2*c + 34, 32 = 4*l - 4*c. Give f(l).
-28
Let n be (-34)/(-8) + (-24)/96. Let r be 18/27*(-6)/n. Let m(w) be the second derivative of 13*w**4/12 + w**3/3 + w**2/2 + 34*w. Calculate m(r).
12
Let x(u) = 9 + 25*u + 28*u + 24*u + 34*u - 116*u. Let v(h) = -h**2 + 7*h + 3. Let b be v(7). Determine x(b).
-6
Let p(a) = a**3 - 5*a**2 - 13*a + 18. Let t(v) = v**2 - v + 1. Let b(n) = p(n) - 3*t(n). Let k be b(9). Let r(m) = -m**3 + 6*m**2 + 7*m - 8. What is r(k)?
34
Let s(c) = 2*c. Let i(w) = -3*w**3 + 1. Let q be 2 - 1/(-2)*(-5 - 1). Let h be i(q). Let y be h/(-16)*-10*(1 + -3). Calculate s(y).
-10
Let j(y) be the third derivative of -y**5/20 - 3*y**4/4 + 2*y**3/3 + 4385*y**2. Determine j(-4).
28
Suppose 0 = v - 7 - 34. Suppose -5*h + 3*l = v, l - 6 = -2*l. Let t(d) = -d - 6. Give t(h).
1
Let h(c) be the second derivative of -c**4/24 - 2*c**3 - 49*c**2 - 16*c + 2. Let w(y) be the first derivative of h(y). Calculate w(-8).
-4
Let p(m) = m + 7. Let x(o) = -o**2 - 24*o - 141. Let l be x(-12). Let c = 5 - 0. Suppose -l*j + 12 = -c*j. Calculate p(j).
1
Let m(s) = s - 8. Let j = -402 + 408. Let v = 41 + -21. Suppose -y - v = -j*y. Give m(y).
-4
Let a(r) = r**2 - 1. Let s(q) = -3*q**2 - 4*q + 5. Suppose -2*v - 3*n = -3*v - 10, 5*v - 4*n + 17 = 0. Let c(p) = v*s(p) - 4*a(p). Calculate c(3).
2
Let h(v) = 5*v + 6. Let o(k) = 2*k + 4*k + 3 + 2. Let q(t) = -5*h(t) + 6*o(t). Suppose -16 = -m - 5*y + 3, 0 = -m - 4*y + 15. What is q(m)?
-11
Suppose 4*x + h = -3*h + 904, 8 = 4*h. Let u = 227 - x. Let z(b) = -2*b**2 + 3*b + 4. What is z(u)?
-5
Let m(n) be the second derivative of -4*n**3/3 + 11*n**2/2 - 1130*n. What is m(5)?
-29
Let n be (5 + (-16)/8 - -31)*2/(-4). Let k(m) = -m**3 - 17*m**2 + m + 18. Give k(n).
1
Let z = 241 + -238. Let n(u) = u**3 + u**2 - 143*u + 147*u + 3 - 2*u**z. Calculate n(-2).
7
Let q be (-2 - -32)*40/200. Let y(k) = -2*k**2 + k + 9. Give y(q).
-57
Let j(p) = -p**2 - 63*p + 556. Let z be j(8). Let a(q) = q**3 + 6*q**2 - 74*q - 17. Give a(z).
7
Let a(r) = -3 + 3 - 5*r - 7. Suppose 0*k - 22 = 3*k - 4*i, k - 3*i = -9. Determine a(k).
23
Let x(g) = 14*g**3 - 572 + 1147 - 2*g - g**2 - 576. Let y = 6 + -50. Let t = 43 + y. Give x(t).
-14
Let q be (34/(-6))/(-5*(-5)/(-75)). Let n(d) be the second derivative of 0 - 1/6*d**3 + q*d - 1/2*d**2. Calculate n(-7).
6
Let u(j) = 129*j + 67. Let k(v) = -64*v - 29. Let p(g) = 7*k(g) + 3*u(g). What is p(3)?
-185
Suppose -p + 105 = 3*c, -5*p + 279 = -2*p - 3*c. Let i = p - 93. Let j(g) = 4*g - 4*g - 4 - g + i*g. Calculate j(3).
2
Let o(r) = r**2 + 54*r - 959. Let h be o(-68). Let v(m) = -m - 9. Determine v(h).
-2
Suppose -3*y - 4*i - 6 = 4, 5*y - i = 14. Suppose 3*p + 10 = o, -4*o - y*p + 8 = -o. Let j(l) = -3*l - 4*l - 15 + 10*l - o*l. What is j(-8)?
-7
Let g = 3975 + -4001. Let x(w) = -12*w - 306. Calculate x(g).
6
Let b = -310 - -311. Suppose -5*o + 6*o - 15 = -4*h, b = -o. Let i(l) = -l**2 + 4*l - 5. Give i(h).
-5
Let o(r) be the first derivative of -3*r**4/4 - 2*r**3/3 - r**2 + 3*r + 12. Let p be 9/(-7) + 3 + 8/28. Determine o(p).
-33
Let p(k) = 18851 - 9436 + 35*k - k**2 - 9471. Determine p(34).
-22
Suppose -5*c + 0*c + 97 = -2*w, -5*c - 2*w + 93 = 0. Let y be c/2 - (-11)/176*-8. Let b(j) = -j**2 + 7*j + 6. Determine b(y).
-12
Let f(v) = 1294*v - 8. Let i(n) = -1111*n + 7. Let l(h) = 6*f(h) + 7*i(h). Give l(2).
-25
Suppose 6*v - 37 = 23. Let m(s) = v + s - 15 - 5. Determine m(7).
-3
Let w(k) = 0 - 60*k - 7 + 57*k. Suppose 2*p - 11 + 11 = 0. Suppose p = -22*b + 16*b - 30. What is w(b)?
8
Let o(b) be the first derivative of -b**4/4 + 2*b**3 + 23*b**2/2 - 59*b - 4261. Determine o(8).
-3
Let z(h) = -85*h - 252. Let j be z(-3). Let o(i) = 29*i + 17. Determine o(j).
104
Let x = 43548 + -43545. Let m(r) be the second derivative of -x + 2/3*r**3 + 3*r - 1/2*r**2. Calculate m(3).
11
Let r(j) = -12*j + 73. Let i be r(6). Let y be (-15 + i)/((6/1)/(-3)). Let w(g) = -2*g**2 + 13*g + 1. Determine w(y).
-6
Let o(d) = 43 - d**2 + 642*d + 0*d**2 + 23 - 625*d. What is o(-5)?
-44
Let n(w) be the second derivative of w**3/2 - 2*w**2 + 2*w. Let a = 6 - -14. Suppose 59*v + a = 63*v. What is n(v)?
11
Let t(z) = z**3 + 17*z + 3*z - 12*z - 196*z**2 + 14*z - 29 + 185*z**2. What is t(9)?
7
Let p be 55/33 - 1/(-3). Let l(n) = p*n + 6*n + 1 - 14*n + 7*n. Let o(y) = -5*y - 19. Let i(x) = -6*l(x) - o(x). Determine i(6).
7
Suppose 10*n = 15*n - 150. Let l be (-4)/n + (-376)/(-120) + -6. Let q(w) = -5*w. Give q(l).
15
Let m(u) = -48*u - 5. Let c(t) = 1. Let k(z) = -6*c(z) - m(z). Let n = -169828 + 169829. Calculate k(n).
47
Let q(y) = 7*y**2 - 5*y - 5. Let j be q(-1). Let t(h) = 6*h**2 - 8*h - 142 + 135 - j*h**2. What is t(-8)?
-7
Suppose -5*m + 3*a - 498 = -a, 5*m + 